divide 685078?
True
Is 4145857 a multiple of 6?
False
Is 400059 a multiple of 11?
True
Does 66 divide 22879?
False
Is 847317 a multiple of 18?
False
Is 154 a factor of 114730?
True
Is 134755 a multiple of 95?
False
Is 333 a factor of 15492869?
False
Is 1182243 a multiple of 29?
True
Does 123 divide 1636866?
False
Does 8 divide 182968?
True
Is 16 a factor of 327365?
False
Is 62671 a multiple of 49?
True
Does 25 divide 2904850?
True
Does 14 divide 63714?
True
Does 35 divide 11035?
False
Is 113685 a multiple of 265?
True
Does 16 divide 31200?
True
Is 3539241 a multiple of 77?
False
Is 852 a factor of 7806656?
False
Does 39 divide 12338370?
False
Is 147 a factor of 2817596?
False
Is 162 a factor of 33858?
True
Does 26 divide 295984?
True
Is 85050 a multiple of 10?
True
Is 671999 a multiple of 11?
False
Does 93 divide 386644?
False
Is 92 a factor of 88007?
False
Does 10 divide 3021091?
False
Does 78 divide 4986852?
True
Is 167 a factor of 1093217?
False
Is 7 a factor of 1611534?
False
Does 180 divide 1254420?
True
Is 1095768 a multiple of 247?
False
Does 17 divide 47315?
False
Does 243 divide 18817677?
True
Is 25 a factor of 75350?
True
Is 198460 a multiple of 4?
True
Is 24 a factor of 655760?
False
Does 68 divide 77180?
True
Does 111 divide 951603?
True
Is 24113680 a multiple of 80?
True
Does 227 divide 15718842?
True
Is 1093125 a multiple of 583?
True
Is 144 a factor of 11522581?
False
Is 79083 a multiple of 4?
False
Does 297 divide 254232?
True
Does 252 divide 1605812?
False
Does 2 divide 319797?
False
Is 304 a factor of 312512?
True
Does 5 divide 613960?
True
Is 380295 a multiple of 15?
True
Is 52 a factor of 1738204?
True
Is 29 a factor of 6812564?
True
Is 31 a factor of 12111483?
True
Is 5231384 a multiple of 89?
False
Is 165 a factor of 4387020?
True
Is 17 a factor of 21340943?
False
Is 36144 a multiple of 502?
True
Is 576520 a multiple of 170?
False
Is 25 a factor of 407942?
False
Does 3 divide 30068?
False
Is 1330482 a multiple of 3?
True
Does 266 divide 2387616?
True
Is 23487234 a multiple of 409?
True
Is 29 a factor of 3825100?
True
Does 82 divide 5331968?
True
Does 146 divide 310980?
True
Is 1289483 a multiple of 13?
True
Is 6273936 a multiple of 81?
True
Does 480 divide 1388399?
False
Does 191 divide 771067?
True
Is 19709760 a multiple of 10?
True
Does 31 divide 30768?
False
Is 10716448 a multiple of 27?
False
Is 6 a factor of 763392?
True
Is 397 a factor of 215174?
True
Is 12 a factor of 136044?
True
Does 1087 divide 4495070?
False
Is 11 a factor of 398651?
True
Is 17 a factor of 162895?
False
Does 125 divide 1372322?
False
Is 102816 a multiple of 136?
True
Is 8 a factor of 382688?
True
Is 99100 a multiple of 35?
False
Is 1125864 a multiple of 114?
True
Is 1476263 a multiple of 92?
False
Does 98 divide 277290?
False
Is 145662 a multiple of 22?
True
Is 4140248 a multiple of 119?
True
Is 34 a factor of 5411733?
False
Does 2 divide 3144381?
False
Does 430 divide 1836844?
False
Is 1006096 a multiple of 149?
False
Is 7 a factor of 640660?
False
Is 430181 a multiple of 72?
False
Is 555108 a multiple of 94?
False
Does 14 divide 542836?
True
Does 50 divide 147900?
True
Is 21034627 a multiple of 426?
False
Is 6944 a multiple of 16?
True
Is 15272460 a multiple of 1610?
True
Does 26 divide 178022?
True
Does 543 divide 94025?
False
Is 6083610 a multiple of 32?
False
Is 241116 a multiple of 213?
True
Is 8 a factor of 214688?
True
Does 6 divide 368490?
True
Is 92 a factor of 24564?
True
Is 168 a factor of 173860?
False
Is 64423 a multiple of 4?
False
Is 1111336 a multiple of 320?
False
Is 15 a factor of 1001550?
True
Is 269 a factor of 293143?
False
Does 48 divide 15058094?
False
Is 8978 a multiple of 3?
False
Is 911209 a multiple of 377?
True
Is 1060342 a multiple of 193?
True
Is 191 a factor of 19049?
False
Does 14 divide 4373502?
True
Does 37 divide 123839?
True
Is 2603664 a multiple of 84?
True
Is 173 a factor of 187488?
False
Is 34 a factor of 107678?
True
Is 149985 a multiple of 59?
False
Is 992 a factor of 1488992?
True
Is 194 a factor of 545722?
True
Does 57 divide 13329?
False
Does 2 divide 225394?
True
Does 19 divide 693753?
False
Is 310 a factor of 1813190?
True
Is 250018 a multiple of 61?
False
Is 157434 a multiple of 38?
True
Is 74 a factor of 12161896?
False
Does 55 divide 85799?
False
Is 721150 a multiple of 25?
True
Is 42 a factor of 37926?
True
Does 309 divide 590002?
False
Does 8 divide 110486?
False
Is 551372 a multiple of 35?
False
Does 14 divide 292575?
False
Is 123 a factor of 14578158?
False
Is 6 a factor of 45336?
True
Is 1452620 a multiple of 260?
True
Is 16 a factor of 1691136?
True
Is 288977 a multiple of 1420?
False
Does 298 divide 152874?
True
Does 633 divide 32784969?
True
Does 33 divide 304970?
False
Does 488 divide 2966552?
True
Is 519 a factor of 5133429?
True
Is 5 a factor of 1624650?
True
Is 864002 a multiple of 13?
False
Is 941704 a multiple of 24?
False
Does 7 divide 83272?
True
Is 218504 a multiple of 22?
True
Does 11 divide 677725?
False
Is 1228344 a multiple of 248?
True
Is 5 a factor of 2705312?
False
Is 86 a factor of 1155327?
False
Does 51 divide 613836?
True
Is 2493153 a multiple of 94?
False
Is 11 a factor of 221178?
False
Is 29437 a multiple of 16?
False
Is 187580 a multiple of 20?
True
Does 151 divide 35709?
False
Does 4 divide 604721?
False
Is 206067 a multiple of 9?
False
Is 209 a factor of 77466?
False
Is 47 a factor of 77362?
True
Is 178 a factor of 1063906?
True
Is 90300 a multiple of 28?
True
Does 90 divide 1659600?
True
Is 99519 a multiple of 3?
True
Is 320675 a multiple of 25?
True
Is 9 a factor of 107102?
False
Is 28 a factor of 110864?
False
Is 7462842 a multiple of 33?
False
Is 284421 a multiple of 839?
True
Is 13 a factor of 1452066?
False
Is 366673 a multiple of 30?
False
Does 306 divide 543955?
False
Does 27 divide 301806?
True
Is 15024334 a multiple of 689?
True
Is 2826771 a multiple of 78?
False
Is 7070032 a multiple of 479?
False
Is 2119871 a multiple of 377?
True
Is 329630 a multiple of 17?
True
Is 32 a factor of 208288?
True
Does 26 divide 1908230?
False
Does 3 divide 96552?
True
Does 13 divide 624325?
True
Is 56 a factor of 88760?
True
Is 784789 a multiple of 594?
False
Is 171 a factor of 820458?
True
Is 56 a factor of 3532469?
False
Is 1380041 a multiple of 17?
False
Is 137 a factor of 164948?
True
Is 97626 a multiple of 116?
False
Is 3256792 a multiple of 622?
True
Is 4416 a multiple of 12?
True
Is 8186167 a multiple of 573?
False
Is 154654 a multiple of 53?
True
Does 263 divide 213802?
False
Does 3 divide 183623?
False
Is 8328229 a multiple of 326?
False
Is 52 a factor of 150904?
True
Does 197 divide 134078?
False
Is 1692488 a multiple of 14?
True
Is 1355173 a multiple of 41?
True
Is 6784404 a multiple of 44?
True
Is 4675671 a multiple of 519?
True
Does 134 divide 427728?
True
Does 81 divide 173502?
True
Is 4 a factor of 4116376?
True
Does 180 divide 1736452?
False
Does 49 divide 1299235?
True
Is 388 a factor of 4046504?
False
Is 1216 a factor of 2199744?
True
Does 2 divide 28040?
True
Does 507 divide 619047?
True
Is 23 a factor of 167095?
True
Is 40 a factor of 33786769?
False
Does 827 divide 112472?
True
Does 248 divide 83576?
True
Is 569547 a multiple of 523?
True
Is 832320 a multiple of 24?
True
Is 3505674 a multiple of 741?
False
Does 93 divide 1577001?
True
Does 13 divide 8471166?
False
Is 65252 a multiple of 25?
False
Is 2413847 a multiple of 19?
False
Is 4116692 a multiple of 30?
False
Is 1121695 a multiple of 5?
True
Does 5 divide 6093471?
False
Does 135 divide 883170?
True
Is 176120 a multiple of 629?
True
Is 33 a factor of 1948198?
False
Is 12 a factor of 23422?
False
Is 2040227 a multiple of 40?
False
Does 654 divide 888786?
True
Is 38580 a multiple of 3?
True
Does 570 divide 2509829?
False
Is 1521404 a multiple of 70?
False
Is 1121813 a multiple of 207?
False
Is 624528 a multiple of 36?
True
Is 166652 a multiple of 7?
False
Is 59773 a multiple of 320?
False
Is 50094 a multiple of 9?
True
Is 36623 a multiple of 691?
True
Does 141 divide 751812?
True
Is 7 a factor of 192617?
False
Is 451 a factor of 123237?
False
Does 40 divide 658666?
False
Is 8 a factor of 3982304?
True
Is 284 a factor of 128884?
False
Is 20120 a multiple of 4?
True
Is 26 a factor of 6457646?
Tr